{"id":51,"date":"2016-12-15T19:33:40","date_gmt":"2016-12-15T19:33:40","guid":{"rendered":"http:\/\/zenshiatsu-praxis.ch\/WordPress\/?page_id=51"},"modified":"2016-12-18T06:02:51","modified_gmt":"2016-12-18T06:02:51","slug":"home","status":"publish","type":"page","link":"https:\/\/zenshiatsu-praxis.ch\/WordPress\/","title":{"rendered":"Home"},"content":{"rendered":"<h1><span style=\"font-family: trebuchet ms,geneva;\"><img decoding=\"async\" loading=\"lazy\" class=\"wp-image-19 alignright\" src=\"http:\/\/zenshiatsu-praxis.ch\/WordPress\/wp-content\/uploads\/2016\/12\/logo-transparent-gross-218x300.png\" width=\"369\" height=\"508\" srcset=\"https:\/\/zenshiatsu-praxis.ch\/WordPress\/wp-content\/uploads\/2016\/12\/logo-transparent-gross-218x300.png 218w, https:\/\/zenshiatsu-praxis.ch\/WordPress\/wp-content\/uploads\/2016\/12\/logo-transparent-gross-768x1056.png 768w, https:\/\/zenshiatsu-praxis.ch\/WordPress\/wp-content\/uploads\/2016\/12\/logo-transparent-gross-745x1024.png 745w, https:\/\/zenshiatsu-praxis.ch\/WordPress\/wp-content\/uploads\/2016\/12\/logo-transparent-gross.png 800w\" sizes=\"(max-width: 369px) 100vw, 369px\" \/><\/span><\/h1>\n<p>&nbsp;<\/p>\n<p>&nbsp;<\/p>\n<p><span style=\"font-family: trebuchet ms,geneva,sans-serif; font-size: 36pt;\">SHIATSU<\/span><\/p>\n<p>&nbsp;<\/p>\n<p><span style=\"color: #800000; font-family: trebuchet ms,geneva,sans-serif; font-size: 24pt;\">BEGLEITEN &#8211; BER\u00dcHREN &#8211; BEWEGEN<\/span><\/p>\n<p>&nbsp;<\/p>\n<p>&nbsp;<\/p>\n<p><span style=\"font-family: trebuchet ms,geneva;\"><em>Shiatsu unterst\u00fctzt die Lebenskraft und steigert die k\u00f6rperliche, seelische und geistige Gesundheit.<\/em><\/span><\/p>\n","protected":false},"excerpt":{"rendered":"<p>&nbsp; &nbsp; SHIATSU &nbsp; BEGLEITEN &#8211; BER\u00dcHREN &#8211; BEWEGEN &nbsp; &nbsp; Shiatsu unterst\u00fctzt die Lebenskraft und steigert die k\u00f6rperliche, seelische und geistige Gesundheit.<\/p>\n","protected":false},"author":1,"featured_media":99,"parent":0,"menu_order":0,"comment_status":"closed","ping_status":"closed","template":"","meta":[],"_links":{"self":[{"href":"https:\/\/zenshiatsu-praxis.ch\/WordPress\/wp-json\/wp\/v2\/pages\/51"}],"collection":[{"href":"https:\/\/zenshiatsu-praxis.ch\/WordPress\/wp-json\/wp\/v2\/pages"}],"about":[{"href":"https:\/\/zenshiatsu-praxis.ch\/WordPress\/wp-json\/wp\/v2\/types\/page"}],"author":[{"embeddable":true,"href":"https:\/\/zenshiatsu-praxis.ch\/WordPress\/wp-json\/wp\/v2\/users\/1"}],"replies":[{"embeddable":true,"href":"https:\/\/zenshiatsu-praxis.ch\/WordPress\/wp-json\/wp\/v2\/comments?post=51"}],"version-history":[{"count":13,"href":"https:\/\/zenshiatsu-praxis.ch\/WordPress\/wp-json\/wp\/v2\/pages\/51\/revisions"}],"predecessor-version":[{"id":140,"href":"https:\/\/zenshiatsu-praxis.ch\/WordPress\/wp-json\/wp\/v2\/pages\/51\/revisions\/140"}],"wp:featuredmedia":[{"embeddable":true,"href":"https:\/\/zenshiatsu-praxis.ch\/WordPress\/wp-json\/wp\/v2\/media\/99"}],"wp:attachment":[{"href":"https:\/\/zenshiatsu-praxis.ch\/WordPress\/wp-json\/wp\/v2\/media?parent=51"}],"curies":[{"name":"wp","href":"https:\/\/api.w.org\/{rel}","templated":true}]}}