{"id":56,"date":"2016-12-15T19:36:24","date_gmt":"2016-12-15T19:36:24","guid":{"rendered":"http:\/\/zenshiatsu-praxis.ch\/WordPress\/?page_id=56"},"modified":"2016-12-15T19:36:24","modified_gmt":"2016-12-15T19:36:24","slug":"was-ist-shiatsu","status":"publish","type":"page","link":"https:\/\/zenshiatsu-praxis.ch\/WordPress\/was-ist-shiatsu\/","title":{"rendered":"Was ist Shiatsu?"},"content":{"rendered":"<h1>Was ist Shiatsu?<\/h1>\n<p>Shiatsu ist eine Behandlungsmethode, welche die Lebensenergie harmonisiert und st\u00e4rkt. Sie basiert auf den Lehren der traditionellen fern\u00f6stlichen Philosophien und Gesundheitslehren. Entlang des K\u00f6rpers wird auf die Energiebahnen (Meridiane) mit H\u00e4nden, Daumen, Ellbogen und Knien sanfter Druck ausge\u00fcbt. Der Therapeut setzt beim Shiatsu ruhig fliessende und rhythmische Bewegungen ein. Verspannungen, Blockaden werden so im K\u00f6rper auf verschiedenen Ebenen gel\u00f6st. \u00dcber die Meridiane werden die k\u00f6rperliche, die seelische und die geistige Ebene ber\u00fchrt und miteinander in Einklang gebracht. Der freie Fluss des Ki, wie die Lebensenergie auf japanisch genannt wird, f\u00fchrt zu mehr Wohlsein und Vitalit\u00e4t.<\/p>\n<p>In Japan ist Shiatsu seit einigen Jahren als eigenst\u00e4ndiger Gesundheitsberuf offiziell anerkannt. Der japanische Begriff \u201eShiatsu\u201c heisst w\u00f6rtlich \u00fcbersetzt \u201eFinger-Druck\u201c. In Europa hat sich Shiatsu seit Ende der siebziger Jahre verbreitet und in die westliche Gesundheitsf\u00f6rderung und Lebensf\u00fchrung integriert.<br \/>\nMit dem Begriff Zen Shiatsu meint man den Shiatsu-Stil nach Shizuto Masunaga. In seinem Heimatland war Masunaga als Shiatsutherapeut und als Professor der westlichen Psychologie t\u00e4tig. Sein fundiertes Wissen \u00fcber Shiatsu verband er mit der modernen Psychologie und Physiologie und mit philosophischen Gedanken des Zen Buddhismus. Daraus entwickelte er eine eigenst\u00e4ndige praxisnahe Theorie, die sowohl westliche als auch \u00f6stliche Vorstellungen von Krankheit und Heilung einschliesst.<\/p>\n","protected":false},"excerpt":{"rendered":"<p>Was ist Shiatsu? Shiatsu ist eine Behandlungsmethode, welche die Lebensenergie harmonisiert und st\u00e4rkt. Sie basiert auf den Lehren der traditionellen fern\u00f6stlichen Philosophien und Gesundheitslehren. Entlang des K\u00f6rpers wird auf die Energiebahnen (Meridiane) mit H\u00e4nden, Daumen, Ellbogen und Knien sanfter Druck ausge\u00fcbt. Der Therapeut setzt beim Shiatsu ruhig fliessende und rhythmische Bewegungen ein. Verspannungen, Blockaden werden [&hellip;]<\/p>\n","protected":false},"author":1,"featured_media":0,"parent":0,"menu_order":0,"comment_status":"closed","ping_status":"closed","template":"","meta":[],"_links":{"self":[{"href":"https:\/\/zenshiatsu-praxis.ch\/WordPress\/wp-json\/wp\/v2\/pages\/56"}],"collection":[{"href":"https:\/\/zenshiatsu-praxis.ch\/WordPress\/wp-json\/wp\/v2\/pages"}],"about":[{"href":"https:\/\/zenshiatsu-praxis.ch\/WordPress\/wp-json\/wp\/v2\/types\/page"}],"author":[{"embeddable":true,"href":"https:\/\/zenshiatsu-praxis.ch\/WordPress\/wp-json\/wp\/v2\/users\/1"}],"replies":[{"embeddable":true,"href":"https:\/\/zenshiatsu-praxis.ch\/WordPress\/wp-json\/wp\/v2\/comments?post=56"}],"version-history":[{"count":1,"href":"https:\/\/zenshiatsu-praxis.ch\/WordPress\/wp-json\/wp\/v2\/pages\/56\/revisions"}],"predecessor-version":[{"id":57,"href":"https:\/\/zenshiatsu-praxis.ch\/WordPress\/wp-json\/wp\/v2\/pages\/56\/revisions\/57"}],"wp:attachment":[{"href":"https:\/\/zenshiatsu-praxis.ch\/WordPress\/wp-json\/wp\/v2\/media?parent=56"}],"curies":[{"name":"wp","href":"https:\/\/api.w.org\/{rel}","templated":true}]}}