{"id":58,"date":"2016-12-15T19:37:05","date_gmt":"2016-12-15T19:37:05","guid":{"rendered":"http:\/\/zenshiatsu-praxis.ch\/WordPress\/?page_id=58"},"modified":"2016-12-15T19:37:05","modified_gmt":"2016-12-15T19:37:05","slug":"wann-hilft-shiatsu","status":"publish","type":"page","link":"https:\/\/zenshiatsu-praxis.ch\/WordPress\/wann-hilft-shiatsu\/","title":{"rendered":"Wann hilft Shiatsu?"},"content":{"rendered":"<h1>Wann hilft Shiatsu?<\/h1>\n<p>Shiatsu eignet sich f\u00fcr Menschen jeden Alters. Nebst dem pr\u00e4ventiven Charakter wird Shiatsu bei verschiedenen akuten und chronischen Beschwerden angewendet:<\/p>\n<p>Verspannungsschmerzen (Nacken, R\u00fccken, Kreuzbereich etc.)<br \/>\nStresssymptomen<br \/>\nNervosit\u00e4t<br \/>\nKopfschmerzen<br \/>\nEin- und Durchschlafschwierigkeiten<br \/>\nErsch\u00f6pfungszust\u00e4nden<br \/>\nVerdauungsst\u00f6rungen<br \/>\nzur Begleitung von Genesungs- und Heilungsprozessen<br \/>\nzur Unterst\u00fctzung in schwierigen Lebenssituationen<br \/>\nSie liegen w\u00e4hrend der Shiatsu-Behandlung in bequemen Kleidern auf einer weichen Matte (Futon), welche sich auf dem Boden befindet. Nach einem kurzen Vorgespr\u00e4ch, wird die Behandlung in stiller und meditativer Haltung ausgef\u00fchrt. Die Behandlung findet in einem Klima von Vertrauen und Respekt statt. Die Behandlungsdauer richtet sich nach Ihren Bed\u00fcrfnissen und Anliegen. Sie dauert in der Regel zirka 60 Minuten.<\/p>\n","protected":false},"excerpt":{"rendered":"<p>Wann hilft Shiatsu? Shiatsu eignet sich f\u00fcr Menschen jeden Alters. Nebst dem pr\u00e4ventiven Charakter wird Shiatsu bei verschiedenen akuten und chronischen Beschwerden angewendet: Verspannungsschmerzen (Nacken, R\u00fccken, Kreuzbereich etc.) Stresssymptomen Nervosit\u00e4t Kopfschmerzen Ein- und Durchschlafschwierigkeiten Ersch\u00f6pfungszust\u00e4nden Verdauungsst\u00f6rungen zur Begleitung von Genesungs- und Heilungsprozessen zur Unterst\u00fctzung in schwierigen Lebenssituationen Sie liegen w\u00e4hrend der Shiatsu-Behandlung in bequemen Kleidern [&hellip;]<\/p>\n","protected":false},"author":1,"featured_media":0,"parent":0,"menu_order":0,"comment_status":"closed","ping_status":"closed","template":"","meta":[],"_links":{"self":[{"href":"https:\/\/zenshiatsu-praxis.ch\/WordPress\/wp-json\/wp\/v2\/pages\/58"}],"collection":[{"href":"https:\/\/zenshiatsu-praxis.ch\/WordPress\/wp-json\/wp\/v2\/pages"}],"about":[{"href":"https:\/\/zenshiatsu-praxis.ch\/WordPress\/wp-json\/wp\/v2\/types\/page"}],"author":[{"embeddable":true,"href":"https:\/\/zenshiatsu-praxis.ch\/WordPress\/wp-json\/wp\/v2\/users\/1"}],"replies":[{"embeddable":true,"href":"https:\/\/zenshiatsu-praxis.ch\/WordPress\/wp-json\/wp\/v2\/comments?post=58"}],"version-history":[{"count":1,"href":"https:\/\/zenshiatsu-praxis.ch\/WordPress\/wp-json\/wp\/v2\/pages\/58\/revisions"}],"predecessor-version":[{"id":59,"href":"https:\/\/zenshiatsu-praxis.ch\/WordPress\/wp-json\/wp\/v2\/pages\/58\/revisions\/59"}],"wp:attachment":[{"href":"https:\/\/zenshiatsu-praxis.ch\/WordPress\/wp-json\/wp\/v2\/media?parent=58"}],"curies":[{"name":"wp","href":"https:\/\/api.w.org\/{rel}","templated":true}]}}